t v = 95 + h. Suppose 0 = v*d - 15 - 57. Calculate the greatest common divisor of d and 24.
12
Let q = 58215 - 58047. Suppose -5*v + 168 = -v. Calculate the highest common divisor of v and q.
42
Let m be (2 + -4)/((-1)/(3*(-148)/(-6))). What is the greatest common divisor of 8 and m?
4
Suppose 6 = z + 4*p - 2, -3*z + p - 15 = 0. Let d be 66/12 + 2/z. Let h(b) = b**2 - 5*b + 17. Let i be h(d). What is the greatest common factor of 153 and i?
17
Suppose 3*s - 497 = -89. Suppose 2316 = 16*u - 948. Calculate the greatest common factor of u and s.
68
Suppose s - 4*p = 1380, 2*s - 96*p = -92*p + 2752. What is the highest common factor of s and 112?
28
Let m be (-32)/((((-21)/9)/7)/1). Let j be -18 - -92 - 30/(-3). What is the greatest common factor of m and j?
12
Suppose 4*j - 18*j = -11*j - 207. Calculate the greatest common factor of 30291 and j.
69
Let l = 3459 + -1254. Calculate the highest common divisor of 98 and l.
49
Let z = -13 + 596. Let j(r) = -r**3 - 2*r**2 - 174*r - 326. Let i be j(-2). Calculate the highest common divisor of i and z.
11
Suppose -4*l - 10*y + 15*y = -61, 3*y + 59 = 4*l. Suppose -4*b - 28 = -4. Let q be 127/6 + b/36. What is the greatest common divisor of q and l?
7
Suppose -7*f - 4917 = -24671. What is the greatest common factor of f and 830?
166
Let z(v) be the second derivative of -v**5/5 + v**4/3 - 47*v. Let y be z(-2). Suppose 7*k = 12*k - 30. What is the greatest common divisor of y and k?
6
Let y = 986 + -469. Suppose -5*a = 3*i - 99 - 36, 0 = -3*a - i + 81. Suppose -10*g + y = a. Calculate the highest common divisor of 7 and g.
7
Let h(s) = s**2 - 962*s + 5823. Let j be h(6). Calculate the highest common divisor of j and 1015.
29
Suppose 2*o = -2*m + 38234, -7*m + 4*m = 2*o - 38240. What is the greatest common divisor of o and 29?
29
Let j = -1751 - -4706. What is the greatest common divisor of j and 30?
15
Suppose c = 2*z + 302 - 279, 2*z + 50 = 2*c. What is the greatest common factor of 576 and c?
9
Let r(p) = 5*p + 8. Let u be r(7). Suppose -1765 = -9*t + 1718. Calculate the greatest common factor of u and t.
43
Suppose 3*j + 2637 = -2268*q + 2270*q, -1314 = -q + 2*j. What is the highest common factor of 148 and q?
148
Suppose 3*c = -0*c + 21. Suppose -c*w + 4*w = -336. Suppose -4*h = -3*h - 3, 3*d - 5*h - 33 = 0. What is the greatest common factor of w and d?
16
Let t be 142/2*3 - (-17 - -11 - -10). What is the highest common divisor of t and 2321?
11
Let j be (-151)/(3/(-12)*2). Let w = j + -6. What is the greatest common factor of w and 370?
74
Let f(k) = -2*k**2 - 8*k - 13. Let i be f(-12). Let a = i - -253. What is the highest common divisor of a and 432?
48
Suppose -4*x + 21 = -x + 3*b, -5*x + 14 = -2*b. Let c(w) = -2*w**3 + 12*w**2 - 3*w + 9. Let o be c(5). What is the highest common factor of o and x?
4
Suppose 0 = 85*k - 91*k. Suppose k = -0*a - 14*a + 392. What is the greatest common divisor of 12 and a?
4
Suppose 0 = 5*w + 10, -s + 2 + 28 = -2*w. Suppose -12 = 4*f - 0*f. Let n(o) = -44*o - 2. Let y be n(f). Calculate the highest common divisor of y and s.
26
Suppose -2*t + 5*r + 11 = 0, t + 0 + 2 = -5*r. Let y be (t/(-5))/(4/(-620)). What is the greatest common factor of y and 31?
31
Suppose 328 + 104 = 3*f. Let j(g) = g**2 + 3*g + 20. Let r be j(-11). What is the greatest common factor of f and r?
36
Let h be (-8)/(-12) + (-12808)/(-12). What is the greatest common divisor of h and 24?
12
Let x(q) = q**3 - 50*q**2 + 44*q + 281. Let k be x(49). Let c(n) = -n**3 + 8*n**2 + n. Let i be c(8). What is the highest common divisor of i and k?
4
Let w be ((-6)/3)/(-4 - -2)*(-1017 + 1034). Suppose -6*i + 4*i + 8 = 0. Let h be (-1)/3 - i/(-3). What is the highest common divisor of h and w?
1
Let m(r) = -r**3 + 68*r**2 - 639*r + 9. Let g be m(45). Calculate the greatest common divisor of 21 and g.
21
Let w = 871 + -554. Let v = 3 + w. Calculate the highest common divisor of v and 10.
10
Suppose 0 = -10*i + 7*i + 198. Let m be (2*-1)/2 + (71 - i). What is the greatest common divisor of m and 16?
4
Let s(v) = 12 + 44 - 3*v**2 + 5*v**2 - 28*v + 13. Let g be s(16). What is the highest common factor of g and 57?
19
Let u(x) = 4*x - 205. Let t be u(6). Let j = t + 185. Calculate the greatest common divisor of 500 and j.
4
Suppose -3*q - 3*o - 464 + 182 = 0, -3*o = -q - 102. Let a be (11/(220/(-25)))/(2/q). Calculate the highest common factor of 420 and a.
60
Let f = 11995 - 11939. Suppose 0 = -4*a - 7 - 1. Let r be (a - (-12)/(-9))*-42. What is the highest common divisor of r and f?
28
Suppose 8 = 6*v + 56. Let s(c) = -26*c - 8. Let o be s(v). Calculate the greatest common factor of o and 40.
40
Let f be 2 + (-4)/1 + (92 - 13). Suppose -8*i + 19*i = f. Suppose -272 = -4*p - 0*p - 5*x, 3*p + 3*x - 201 = 0. Calculate the greatest common factor of i and p.
7
Let n = 21 - 15. Let b be (3/(-5))/(n/(-30)). Suppose p = -b*p + 180. What is the highest common factor of p and 9?
9
Let s = 11 - 11. Suppose 2*x - 4 = -s*x. Let i(w) = 2*w**3 - 3*w**2 + w. Let g be i(x). Calculate the greatest common divisor of g and 42.
6
Let n(c) = 370*c + 8532. Let x be n(-23). What is the highest common divisor of 34562 and x?
22
Suppose -2*k - 10 = 4*z, 9 = -4*z + 5*k - 6*k. Let v(c) = 5*c + 18. Let q be v(z). Calculate the greatest common divisor of 88 and q.
8
Suppose -3*q + 1178 = -4*d - 8244, -q - 5*d = -3166. Calculate the greatest common factor of q and 104.
26
Let b(t) = 58*t**2 - 247*t - 23. Let x be b(5). What is the greatest common divisor of x and 2848?
32
Let u = 8539 - 8507. Let d = -17 + 369. Calculate the highest common factor of u and d.
32
Suppose 0 = 2*q + 4*d - 820, 0*q = 3*q + d - 1240. Let p(t) = 18*t + 36. Let n be p(5). Let u = -80 + n. What is the highest common divisor of u and q?
46
Let f(w) = -w**3 - 44*w**2 + 48*w + 138. Let h be f(-45). Let j be ((-13)/h)/((-2)/(-216)*-1). What is the highest common divisor of j and 104?
52
Let z(l) = 18*l - 4*l - 11*l + 64. Let q be z(-20). Suppose 2*r + 3*k = q, -4*k + 2*k = 0. Calculate the highest common factor of r and 5.
1
Let x = -6701 + 6737. What is the highest common factor of 4 and x?
4
Suppose 0 = 3*k, u - 2*u - 5*k + 80 = 0. Let s be 120*(-13 - -4 - -12). What is the greatest common divisor of u and s?
40
Let t = -88 - -90. Suppose 0 = a - 5, -t*a = -4*p - 762 + 100. Let l = -142 - p. Calculate the highest common factor of l and 105.
21
Suppose -141*p + 5024 = 4018 - 53420. Calculate the greatest common divisor of 25862 and p.
386
Suppose 0 = -5*f - 59 + 179. Let i = 43 - f. Let n = 26 - i. Calculate the highest common factor of n and 7.
7
Suppose -9*h + 2*g + 37 = -6*h, -2*h = 2*g - 28. Suppose 2*p - h*p + 1881 = 0. What is the highest common factor of 18 and p?
9
Suppose 8 = -2*l - 2*b, 4*b + 24 = -l + 5*l. Let u be (7/21)/(l/15). Suppose -5*z - 5*r = -175, -u*r - 17 = 3. Calculate the highest common factor of z and 273.
39
Let i(m) = 991*m - 383. Let l be i(1). Calculate the highest common divisor of 38 and l.
38
Let x(k) = 49*k**2 + 83*k + 82. Let h be x(-1). Calculate the greatest common divisor of h and 6896.
16
Let n = -159 - -157. Let f be (-17)/(n + 7 + -2 + -4). Calculate the greatest common factor of 1 and f.
1
Suppose -31*k - 2503 = -7463. What is the greatest common divisor of k and 20560?
80
Suppose -4*b + 5*t + 23 = 0, 3*t + t - 4 = 0. Suppose d + 2*s = 1, -2*d + b + 22 = -5*s. Let l = -35987 - -36008. What is the highest common divisor of l and d?
7
Let l be 288/((12/24)/(80/12)). Calculate the highest common divisor of l and 20.
20
Suppose 3*l + 72 = -2*s + 158, 2*s + 64 = 2*l. What is the greatest common factor of l and 150?
30
Suppose -33*o = -64*o + 1860. Let i(l) = -l**2 + 26*l - 33. Let f be i(17). Calculate the highest common divisor of o and f.
60
Let q be (-24)/42 + (-75)/(-21). Suppose 3*x = 5*p + 107, 0 = -q*x + 4*x - 3*p - 41. Calculate the greatest common divisor of 232 and x.
29
Let r = -26382 - -26806. Calculate the greatest common divisor of r and 288.
8
Suppose 3*n = -3, -3*n + 804 = 5*x + 12. Let f = -119 + x. What is the greatest common factor of 5 and f?
5
Suppose 5*c + 3*r = 1, -4*c - 3*r = -2*r - 5. Let s(w) = 21*w**3 - 6*w**2 + 13*w - 6. Let h be s(c). What is the greatest common factor of h and 41?
41
Let m be ((-147)/(-30